{"id":9,"date":"2024-04-28T18:57:06","date_gmt":"2024-04-28T18:57:06","guid":{"rendered":"https:\/\/residenciavirgendelvalle.com\/?page_id=9"},"modified":"2024-05-16T08:54:25","modified_gmt":"2024-05-16T08:54:25","slug":"nosotros","status":"publish","type":"page","link":"https:\/\/residenciavirgendelvalle.com\/index.php\/nosotros\/","title":{"rendered":"NOSOTROS"},"content":{"rendered":"\n<p class=\"has-large-font-size\"><strong>M\u00e1s de 20 a\u00f1os a su servicio.<\/strong><\/p>\n\n\n\n<p>La\u00a0<strong>Residencia Virgen del Valle<\/strong>\u00a0es fruto del esfuerzo, compromiso y dedicaci\u00f3n de los propietarios de la empresa, quienes en los \u00faltimos a\u00f1os han modernizado completamente sus instalaciones, dot\u00e1ndolas de las mayores comodidades para los residentes. La actual gerencia, que lleva m\u00e1s de 20 a\u00f1os al frente de la Residencia, ha ido renovando paulatinamente las diferentes alas del edificio, para ofrecer una imagen moderna y de calidad. Es lo \u00fanico que nos interesa, por encima de todo.<\/p>\n\n\n\n<p class=\"has-large-font-size\"><strong><br>Invertimos en la calidad de nuestros residentes.<\/strong><\/p>\n\n\n\n<p>Sabemos que el secreto del \u00e9xito es la constancia, dedicaci\u00f3n y compromiso diario. Por eso, nuestros profesionales ofrecen lo mejor de ellos mismos para lograr la mejor convivencia con los mayores que residen aqu\u00ed. No escatimamos en esforzarnos para hacerles felices cada d\u00eda.<\/p>\n\n\n\n<p>Tampoco hemos renunciado a hacer fuertes inversiones econ\u00f3micas en los \u00faltimos meses para adecuar todas las estancias y servicios a los tiempos m\u00e1s actuales. As\u00ed, hemos invertido casi un mill\u00f3n de euros en este aspecto, lo cual incide positivamente en la calidad que el centro brinda a los residentes.<\/p>\n\n\n\n<p>.<\/p>\n","protected":false},"excerpt":{"rendered":"<p>M\u00e1s de 20 a\u00f1os a su servicio. La\u00a0Residencia Virgen del Valle\u00a0es fruto del esfuerzo, compromiso y dedicaci\u00f3n de los propietarios de la empresa, quienes en &hellip;<\/p>\n","protected":false},"author":1,"featured_media":0,"parent":0,"menu_order":0,"comment_status":"closed","ping_status":"closed","template":"","meta":{"footnotes":""},"_links":{"self":[{"href":"https:\/\/residenciavirgendelvalle.com\/index.php\/wp-json\/wp\/v2\/pages\/9"}],"collection":[{"href":"https:\/\/residenciavirgendelvalle.com\/index.php\/wp-json\/wp\/v2\/pages"}],"about":[{"href":"https:\/\/residenciavirgendelvalle.com\/index.php\/wp-json\/wp\/v2\/types\/page"}],"author":[{"embeddable":true,"href":"https:\/\/residenciavirgendelvalle.com\/index.php\/wp-json\/wp\/v2\/users\/1"}],"replies":[{"embeddable":true,"href":"https:\/\/residenciavirgendelvalle.com\/index.php\/wp-json\/wp\/v2\/comments?post=9"}],"version-history":[{"count":5,"href":"https:\/\/residenciavirgendelvalle.com\/index.php\/wp-json\/wp\/v2\/pages\/9\/revisions"}],"predecessor-version":[{"id":109,"href":"https:\/\/residenciavirgendelvalle.com\/index.php\/wp-json\/wp\/v2\/pages\/9\/revisions\/109"}],"wp:attachment":[{"href":"https:\/\/residenciavirgendelvalle.com\/index.php\/wp-json\/wp\/v2\/media?parent=9"}],"curies":[{"name":"wp","href":"https:\/\/api.w.org\/{rel}","templated":true}]}}